{"id":42,"date":"2019-07-28T06:27:48","date_gmt":"2019-07-28T11:27:48","guid":{"rendered":"https:\/\/thebarmentor.click\/?page_id=42"},"modified":"2026-03-20T13:19:44","modified_gmt":"2026-03-20T18:19:44","slug":"adn","status":"publish","type":"page","link":"https:\/\/thebarmentor.click\/?page_id=42","title":{"rendered":"adn"},"content":{"rendered":"\t\t<div data-elementor-type=\"wp-post\" data-elementor-id=\"42\" class=\"elementor elementor-42\">\n\t\t\t\t<div class=\"aux-parallax-section elementor-element elementor-element-ff917ad e-flex e-con-boxed e-con e-parent\" data-id=\"ff917ad\" data-element_type=\"container\" data-e-type=\"container\">\n\t\t\t\t\t<div class=\"e-con-inner\">\n\t\t<div class=\"elementor-element elementor-element-ab21d5b e-con-full e-flex e-con e-child\" data-id=\"ab21d5b\" data-element_type=\"container\" data-e-type=\"container\">\n\t\t\t\t<div class=\"elementor-element elementor-element-59e0ee1 aux-appear-watch-animation aux-fade-in-up-1 elementor-widget elementor-widget-aux_modern_heading\" data-id=\"59e0ee1\" data-element_type=\"widget\" data-e-type=\"widget\" data-widget_type=\"aux_modern_heading.default\">\n\t\t\t\t<div class=\"elementor-widget-container\">\n\t\t\t\t\t<section class=\"aux-widget-modern-heading\">\n            <div class=\"aux-widget-inner\"><h5 class=\"aux-modern-heading-primary\">el c\u00f3digo gen\u00e9tico detr\u00e1s de las barras m\u00e1s exitosas.<\/h5><h4 class=\"aux-modern-heading-secondary\"><span class=\"aux-head-before\">Creatividad l\u00edquida, rigor operativo y rentabilidad estrat\u00e9gica<\/span><\/h4><\/div>\n        <\/section>\t\t\t\t<\/div>\n\t\t\t\t<\/div>\n\t\t\t\t<\/div>\n\t\t\t\t\t<\/div>\n\t\t\t\t<\/div>\n\t\t<div class=\"aux-parallax-section elementor-element elementor-element-97ef9dc e-flex e-con-boxed e-con e-parent\" data-id=\"97ef9dc\" data-element_type=\"container\" data-e-type=\"container\">\n\t\t\t\t\t<div class=\"e-con-inner\">\n\t\t<div class=\"elementor-element elementor-element-ab1d0f5 e-con-full e-flex e-con e-child\" data-id=\"ab1d0f5\" data-element_type=\"container\" data-e-type=\"container\">\n\t\t\t\t<div class=\"elementor-element elementor-element-eb0891a aux-appear-watch-animation aux-scale-up elementor-widget elementor-widget-aux_image\" data-id=\"eb0891a\" data-element_type=\"widget\" data-e-type=\"widget\" data-widget_type=\"aux_image.default\">\n\t\t\t\t<div class=\"elementor-widget-container\">\n\t\t\t\t\t<section class=\"widget-container aux-widget-image aux-alignnone aux-parent-aua499f83b\">\n    <div class=\"aux-media-hint-frame \">\n        <div class=\"aux-media-image \" >\n        \n            \n\n            \n            <img fetchpriority=\"high\" decoding=\"async\" width=\"755\" height=\"436\" src=\"data:image\/gif;base64,R0lGODlhAQABAIAAAAAAAP\/\/\/yH5BAEAAAAALAAAAAABAAEAAAIBRAA7\" class=\"aux-attachment aux-featured-image aux-attachment-id-562 aux-preload aux-blank\" alt=\"Gemini_Generated_Image_lsjyi0lsjyi0lsjy\" data-ratio=\"1\" data-original-w=\"755\" sizes=\"auto\" data-srcset=\"https:\/\/thebarmentor.click\/wp-content\/uploads\/2026\/03\/Gemini_Generated_Image_lsjyi0lsjyi0lsjy-scaled-e1774027894283-150x150.png 150w,https:\/\/thebarmentor.click\/wp-content\/uploads\/2026\/03\/Gemini_Generated_Image_lsjyi0lsjyi0lsjy-scaled-e1774027894283-300x300.png 300w,https:\/\/thebarmentor.click\/wp-content\/uploads\/2026\/03\/Gemini_Generated_Image_lsjyi0lsjyi0lsjy-768x768.png 755w\" data-src=\"https:\/\/thebarmentor.click\/wp-content\/uploads\/2026\/03\/Gemini_Generated_Image_lsjyi0lsjyi0lsjy-768x768.png\" \/>            \n                <\/div>\n    <\/div>\n\n<\/section><!-- widget-container -->\t\t\t\t<\/div>\n\t\t\t\t<\/div>\n\t\t\t\t<\/div>\n\t\t<div class=\"elementor-element elementor-element-2725fcc e-con-full e-flex e-con e-child\" data-id=\"2725fcc\" data-element_type=\"container\" data-e-type=\"container\">\n\t\t\t\t<div class=\"elementor-element elementor-element-7a47fc6 aux-appear-watch-animation aux-fade-in-up elementor-widget elementor-widget-aux_modern_heading\" data-id=\"7a47fc6\" data-element_type=\"widget\" data-e-type=\"widget\" data-widget_type=\"aux_modern_heading.default\">\n\t\t\t\t<div class=\"elementor-widget-container\">\n\t\t\t\t\t<section class=\"aux-widget-modern-heading\">\n            <div class=\"aux-widget-inner\"><h5 class=\"aux-modern-heading-primary\"><\/h5><h5 class=\"aux-modern-heading-secondary\"><span class=\"aux-head-before\">01 . <\/span><span class=\"aux-head-highlight\">\u00bfQui\u00e9nes Somos?<\/span><\/h5><\/div>\n        <\/section>\t\t\t\t<\/div>\n\t\t\t\t<\/div>\n\t\t\t\t<div class=\"elementor-element elementor-element-c074697 aux-appear-watch-animation aux-fade-in-up elementor-widget elementor-widget-aux_modern_heading\" data-id=\"c074697\" data-element_type=\"widget\" data-e-type=\"widget\" data-widget_type=\"aux_modern_heading.default\">\n\t\t\t\t<div class=\"elementor-widget-container\">\n\t\t\t\t\t<section class=\"aux-widget-modern-heading\">\n            <div class=\"aux-widget-inner\"><h5 class=\"aux-modern-heading-primary\">Minds &amp; Drinks<\/h5><div class=\"aux-modern-heading-description\"><p><span data-path-to-node=\"1,1\"><span class=\"citation-551\">Es un servicio de mentor\u00eda y consultor\u00eda profesional especializado en transformar la operaci\u00f3n de las barras y elevar el est\u00e1ndar de la cocteler\u00eda<\/span><\/span><span data-path-to-node=\"1,3\">. <\/span><span data-path-to-node=\"1,5\"><span class=\"citation-550\">Nos enfocamos en ayudar a los bares a construir una oferta de bebidas que sea creativa, rentable y estrat\u00e9gicamente estructurada<\/span><\/span><span data-path-to-node=\"1,7\">.<\/span><\/p><p><span data-path-to-node=\"2,1\"><span class=\"citation-549\">Nuestro prop\u00f3sito es trabajar directamente con los equipos de trabajo para desarrollar propuestas eficientes que mejoren la operaci\u00f3n diaria y fortalezcan la experiencia del cliente<\/span><\/span><span data-path-to-node=\"2,3\">. <\/span><span data-path-to-node=\"2,5\"><span class=\"citation-548\">Entendemos que el \u00e9xito de un bar radica en la alineaci\u00f3n perfecta entre su men\u00fa de c\u00f3cteles, el concepto del establecimiento y el p\u00fablico al que se dirige<\/span><\/span><span data-path-to-node=\"2,7\">.<\/span><\/p><\/div><\/div>\n        <\/section>\t\t\t\t<\/div>\n\t\t\t\t<\/div>\n\t\t\t\t<\/div>\n\t\t\t\t\t<\/div>\n\t\t\t\t<\/div>\n\t\t<div class=\"aux-parallax-section elementor-element elementor-element-7572971 e-flex e-con-boxed e-con e-parent\" data-id=\"7572971\" data-element_type=\"container\" data-e-type=\"container\">\n\t\t\t\t\t<div class=\"e-con-inner\">\n\t\t<div class=\"elementor-element elementor-element-64dd739 aux-appear-watch-animation aux-fade-in-right e-con-full e-flex e-con e-child\" data-id=\"64dd739\" data-element_type=\"container\" data-e-type=\"container\">\n\t\t\t\t<div class=\"elementor-element elementor-element-f6f1cfc elementor-widget elementor-widget-aux_modern_heading\" data-id=\"f6f1cfc\" data-element_type=\"widget\" data-e-type=\"widget\" data-widget_type=\"aux_modern_heading.default\">\n\t\t\t\t<div class=\"elementor-widget-container\">\n\t\t\t\t\t<section class=\"aux-widget-modern-heading\">\n            <div class=\"aux-widget-inner\"><h5 class=\"aux-modern-heading-primary\"><\/h5><h5 class=\"aux-modern-heading-secondary\"><span class=\"aux-head-before\">02 . <\/span><span class=\"aux-head-highlight\">Filosof\u00eda de Trabajo<\/span><\/h5><\/div>\n        <\/section>\t\t\t\t<\/div>\n\t\t\t\t<\/div>\n\t\t\t\t<\/div>\n\t\t<div class=\"elementor-element elementor-element-4eba43b e-con-full e-flex e-con e-child\" data-id=\"4eba43b\" data-element_type=\"container\" data-e-type=\"container\">\n\t\t\t\t<div class=\"elementor-element elementor-element-3d1edd0 aux-appear-watch-animation aux-fade-in-right elementor-widget elementor-widget-aux_modern_heading\" data-id=\"3d1edd0\" data-element_type=\"widget\" data-e-type=\"widget\" data-widget_type=\"aux_modern_heading.default\">\n\t\t\t\t<div class=\"elementor-widget-container\">\n\t\t\t\t\t<section class=\"aux-widget-modern-heading\">\n            <div class=\"aux-widget-inner\"><h5 class=\"aux-modern-heading-primary\">Nuestra Filosof\u00eda de Trabajo<\/h5><div class=\"aux-modern-heading-description\"><p><span data-path-to-node=\"5,1\"><span class=\"citation-547\"><strong>P<\/strong><\/span><b data-path-to-node=\"5,1\" data-index-in-node=\"22\"><span class=\"citation-547\">r\u00e1ctico y colaborativo<\/span><\/b><\/span><span data-path-to-node=\"5,3\">. <\/span><span data-path-to-node=\"5,5\"><span class=\"citation-546\">No entregamos soluciones gen\u00e9ricas; nos involucramos en el funcionamiento real del establecimiento para identificar oportunidades de mejora y desarrollar soluciones aplicables al d\u00eda a d\u00eda<\/span><\/span><\/p><p data-path-to-node=\"6\">Nuestra metodolog\u00eda se basa en cuatro pilares fundamentales:<\/p><ul data-path-to-node=\"7\"><li><p data-path-to-node=\"7,0,1\"><span data-path-to-node=\"7,0,1,0\"><b data-path-to-node=\"7,0,1,0\" data-index-in-node=\"0\"><span class=\"citation-545\">Diagn\u00f3stico preciso:<\/span><\/b><span class=\"citation-545\"> Evaluamos t\u00e9cnicas, procesos y estructura operativa actual<\/span><\/span><span data-path-to-node=\"7,0,1,2\">.<\/span><\/p><\/li><li><p data-path-to-node=\"7,1,1\"><span data-path-to-node=\"7,1,1,0\"><b data-path-to-node=\"7,1,1,0\" data-index-in-node=\"0\"><span class=\"citation-544\">Estrategia personalizada:<\/span><\/b><span class=\"citation-544\"> Creamos planes de acci\u00f3n para optimizar la eficiencia y el sabor<\/span><\/span><span data-path-to-node=\"7,1,1,2\">.<\/span><\/p><\/li><li><p data-path-to-node=\"7,2,1\"><span data-path-to-node=\"7,2,1,0\"><b data-path-to-node=\"7,2,1,0\" data-index-in-node=\"0\"><span class=\"citation-543\">Implementaci\u00f3n directa:<\/span><\/b><span class=\"citation-543\"> Desarrollamos recetas y organizamos el flujo de trabajo en sitio<\/span><\/span><span data-path-to-node=\"7,2,1,2\">.<\/span><\/p><\/li><li><p data-path-to-node=\"7,3,1\"><span data-path-to-node=\"7,3,1,0\"><b data-path-to-node=\"7,3,1,0\" data-index-in-node=\"0\"><span class=\"citation-542\">Acompa\u00f1amiento:<\/span><\/b><span class=\"citation-542\"> Brindamos mentor\u00eda constante para asegurar que los est\u00e1ndares de calidad se mantengan en el tiempo<\/span><\/span><span data-path-to-node=\"7,3,1,2\">.<\/span><\/p><\/li><\/ul><\/div><\/div>\n        <\/section>\t\t\t\t<\/div>\n\t\t\t\t<\/div>\n\t\t\t\t<\/div>\n\t\t<div class=\"elementor-element elementor-element-013edce aux-appear-watch-animation aux-fade-in-right e-con-full e-flex e-con e-child\" data-id=\"013edce\" data-element_type=\"container\" data-e-type=\"container\">\n\t\t\t\t<div class=\"elementor-element elementor-element-96258d5 elementor-widget elementor-widget-aux_icon_list\" data-id=\"96258d5\" data-element_type=\"widget\" data-e-type=\"widget\" data-widget_type=\"aux_icon_list.default\">\n\t\t\t\t<div class=\"elementor-widget-container\">\n\t\t\t\t\t<section class=\"widget-container aux-widget-icon-list aux-parent-au5dbd721f\"><div class=\"widget-inner\"><div class=\"aux-widget-icon-list-inner\"><ul class=\"aux-icon-list-items aux-direction-default\"><li class=\"aux-icon-list-item aux-list-item-has-icon aux-icon-list-item-4a3e816 elementor-repeater-item-4a3e816\"><a class=\"aux-icon-list-link\" href=\"#\"><span class=\"aux-icon-list-text\">Bares<\/span><\/a><\/li><li class=\"aux-icon-list-item aux-list-item-has-icon aux-icon-list-item-6ea4e9d elementor-repeater-item-6ea4e9d\"><a class=\"aux-icon-list-link\" href=\"#\"><span class=\"aux-icon-list-text\">Restaurant<\/span><\/a><\/li><li class=\"aux-icon-list-item aux-list-item-has-icon aux-icon-list-item-da9353f elementor-repeater-item-da9353f\"><a class=\"aux-icon-list-link\" href=\"#\"><span class=\"aux-icon-list-text\">Gastro Bares<\/span><\/a><\/li><\/ul><\/div><\/div><\/section><!-- widget-container -->\t\t\t\t<\/div>\n\t\t\t\t<\/div>\n\t\t\t\t<\/div>\n\t\t\t\t\t<\/div>\n\t\t\t\t<\/div>\n\t\t<div class=\"aux-parallax-section elementor-element elementor-element-af7daec e-flex e-con-boxed e-con e-parent\" data-id=\"af7daec\" data-element_type=\"container\" data-e-type=\"container\">\n\t\t\t\t\t<div class=\"e-con-inner\">\n\t\t<div class=\"elementor-element elementor-element-918ab7c e-con-full e-flex e-con e-child\" data-id=\"918ab7c\" data-element_type=\"container\" data-e-type=\"container\">\n\t\t\t\t<div class=\"elementor-element elementor-element-c2ce33c aux-appear-watch-animation aux-fade-in-up-1 elementor-widget elementor-widget-aux_modern_heading\" data-id=\"c2ce33c\" data-element_type=\"widget\" data-e-type=\"widget\" data-widget_type=\"aux_modern_heading.default\">\n\t\t\t\t<div class=\"elementor-widget-container\">\n\t\t\t\t\t<section class=\"aux-widget-modern-heading\">\n            <div class=\"aux-widget-inner\"><h5 class=\"aux-modern-heading-primary\">transformando cada barra en un sistema de alto impacto y m\u00e1xima calidad.<\/h5><h4 class=\"aux-modern-heading-secondary\"><span class=\"aux-head-before\">Nuestro ADN: Creativity &amp; Strategy<\/span><\/h4><\/div>\n        <\/section>\t\t\t\t<\/div>\n\t\t\t\t<\/div>\n\t\t\t\t<div class=\"elementor-element elementor-element-68f168a aux-appear-watch-animation aux-fade-in-up-2 elementor-widget elementor-widget-aux_image\" data-id=\"68f168a\" data-element_type=\"widget\" data-e-type=\"widget\" data-widget_type=\"aux_image.default\">\n\t\t\t\t<div class=\"elementor-widget-container\">\n\t\t\t\t\t<section class=\"widget-container aux-widget-image aux-alignnone aux-parent-aud0e524cc\">\n    <div class=\"aux-media-hint-frame \">\n        <div class=\"aux-media-image \" >\n        \n            \n\n            \n            <img decoding=\"async\" width=\"768\" height=\"407\" src=\"data:image\/gif;base64,R0lGODlhAQABAIAAAAAAAP\/\/\/yH5BAEAAAAALAAAAAABAAEAAAIBRAA7\" class=\"aux-attachment aux-featured-image aux-attachment-id-571 aux-preload aux-blank\" alt=\"Gemini_Generated_Image_21kt721kt721kt72\" data-ratio=\"1.89\" data-original-w=\"768\" data-src=\"https:\/\/thebarmentor.click\/wp-content\/uploads\/2026\/03\/Gemini_Generated_Image_21kt721kt721kt72-scaled-e1774027852478.png\" \/>            \n                <\/div>\n    <\/div>\n\n<\/section><!-- widget-container -->\t\t\t\t<\/div>\n\t\t\t\t<\/div>\n\t\t\t\t<\/div>\n\t\t\t\t\t<\/div>\n\t\t\t\t<\/div>\n\t\t<div class=\"aux-parallax-section elementor-element elementor-element-47fa25c e-flex e-con-boxed e-con e-parent\" data-id=\"47fa25c\" data-element_type=\"container\" data-e-type=\"container\">\n\t\t\t\t\t<div class=\"e-con-inner\">\n\t\t\t\t\t<\/div>\n\t\t\t\t<\/div>\n\t\t<div class=\"aux-parallax-section elementor-element elementor-element-e660696 e-flex e-con-boxed e-con e-parent\" data-id=\"e660696\" data-element_type=\"container\" data-e-type=\"container\">\n\t\t\t\t\t<div class=\"e-con-inner\">\n\t\t<div class=\"elementor-element elementor-element-24dc404 e-con-full e-flex e-con e-child\" data-id=\"24dc404\" data-element_type=\"container\" data-e-type=\"container\">\n\t\t\t\t<div class=\"elementor-element elementor-element-bdb940f aux-appear-watch-animation aux-fade-in-up elementor-widget elementor-widget-aux_modern_heading\" data-id=\"bdb940f\" data-element_type=\"widget\" data-e-type=\"widget\" data-widget_type=\"aux_modern_heading.default\">\n\t\t\t\t<div class=\"elementor-widget-container\">\n\t\t\t\t\t<section class=\"aux-widget-modern-heading\">\n            <div class=\"aux-widget-inner\"><h6 class=\"aux-modern-heading-primary\"><\/h6><h5 class=\"aux-modern-heading-secondary\"><span class=\"aux-head-before\">03 . <\/span><span class=\"aux-head-highlight\">Lo que nos Diferencia<\/span><\/h5><\/div>\n        <\/section>\t\t\t\t<\/div>\n\t\t\t\t<\/div>\n\t\t\t\t<div class=\"elementor-element elementor-element-a26e027 aux-appear-watch-animation aux-fade-in-up elementor-widget__width-inherit elementor-widget elementor-widget-aux_modern_heading\" data-id=\"a26e027\" data-element_type=\"widget\" data-e-type=\"widget\" data-widget_type=\"aux_modern_heading.default\">\n\t\t\t\t<div class=\"elementor-widget-container\">\n\t\t\t\t\t<section class=\"aux-widget-modern-heading\">\n            <div class=\"aux-widget-inner\"><h5 class=\"aux-modern-heading-primary\">Transformaci\u00f3n con Prop\u00f3sito<\/h5><div class=\"aux-modern-heading-description\"><p id=\"p-rc_91e17549d2755c38-281\" data-path-to-node=\"1\"><span data-path-to-node=\"1,1\"><span class=\"citation-635\">En Minds &amp; Drinks no solo dise\u00f1amos una carta; transformamos la cultura operativa de tu barra<\/span><\/span><span data-path-to-node=\"1,3\">. <\/span><span data-path-to-node=\"1,5\"><span class=\"citation-634\">Nos diferenciamos por un enfoque <\/span><b data-path-to-node=\"1,5\" data-index-in-node=\"33\"><span class=\"citation-634\">pr\u00e1ctico y orientado a resultados<\/span><\/b><span class=\"citation-634\"> que va m\u00e1s all\u00e1 de la simple mezcla de ingredientes<\/span><\/span><\/p><p data-path-to-node=\"3\"><b data-path-to-node=\"3\" data-index-in-node=\"0\">Nuestros Pilares de Valor<\/b><\/p><ul><li style=\"list-style-type: none\"><ul data-path-to-node=\"4\"><li><p id=\"p-rc_d9dcaf79605c0e23-294\" data-path-to-node=\"4,0,1\"><span data-path-to-node=\"4,0,1,0\"><b data-path-to-node=\"4,0,1,0\" data-index-in-node=\"0\"><span class=\"citation-633\">Rentabilidad Estrat\u00e9gica:<\/span><\/b><span class=\"citation-633\"> No solo creamos bebidas atractivas, sino que optimizamos cada costo para maximizar el margen de ganancia de tu negocio<\/span><\/span><span data-path-to-node=\"4,0,1,2\">.<\/span><\/p><\/li><li><p id=\"p-rc_d9dcaf79605c0e23-295\" data-path-to-node=\"4,1,1\"><span data-path-to-node=\"4,1,1,0\"><b data-path-to-node=\"4,1,1,0\" data-index-in-node=\"0\"><span class=\"citation-632\">Excelencia y Consistencia:<\/span><\/b><span class=\"citation-632\"> Implementamos m\u00e9todos de estandarizaci\u00f3n que garantizan que la calidad de cada c\u00f3ctel sea superior y constante en cada servicio<\/span><\/span><span data-path-to-node=\"4,1,1,2\">.<\/span><\/p><\/li><li><p id=\"p-rc_d9dcaf79605c0e23-296\" data-path-to-node=\"4,2,1\"><span data-path-to-node=\"4,2,1,0\"><b data-path-to-node=\"4,2,1,0\" data-index-in-node=\"0\"><span class=\"citation-631\">Eficiencia Operativa Real:<\/span><\/b><span class=\"citation-631\"> Redise\u00f1amos el flujo de trabajo y la organizaci\u00f3n del espacio para que el equipo trabaje con mayor agilidad, incluso en momentos de alto volumen<\/span><\/span><span data-path-to-node=\"4,2,1,2\">.<\/span><\/p><\/li><li><p id=\"p-rc_d9dcaf79605c0e23-297\" data-path-to-node=\"4,3,1\"><span data-path-to-node=\"4,3,1,0\"><b data-path-to-node=\"4,3,1,0\" data-index-in-node=\"0\"><span class=\"citation-630\">Empoderamiento del Talento:<\/span><\/b><span class=\"citation-630\"> Fortalecemos las habilidades t\u00e9cnicas y operativas de tu equipo, asegurando que los est\u00e1ndares de calidad se mantengan de forma aut\u00f3noma<\/span><\/span><span data-path-to-node=\"4,3,1,2\">.<\/span><\/p><\/li><li><p id=\"p-rc_d9dcaf79605c0e23-298\" data-path-to-node=\"4,4,1\"><span data-path-to-node=\"4,4,1,0\"><b data-path-to-node=\"4,4,1,0\" data-index-in-node=\"0\"><span class=\"citation-629\">Identidad y Diferenciaci\u00f3n:<\/span><\/b><span class=\"citation-629\"> Desarrollamos propuestas de autor coherentes con tu concepto, permiti\u00e9ndote destacar con una oferta \u00fanica frente a la competencia<\/span><\/span><\/p><\/li><\/ul><\/li><\/ul><\/div><\/div>\n        <\/section>\t\t\t\t<\/div>\n\t\t\t\t<\/div>\n\t\t\t\t<\/div>\n\t\t<div class=\"elementor-element elementor-element-21adf32 e-con-full e-flex e-con e-child\" data-id=\"21adf32\" data-element_type=\"container\" data-e-type=\"container\">\n\t\t\t\t<div class=\"elementor-element elementor-element-dd140fb aux-appear-watch-animation aux-scale-up elementor-widget elementor-widget-aux_image\" data-id=\"dd140fb\" data-element_type=\"widget\" data-e-type=\"widget\" data-widget_type=\"aux_image.default\">\n\t\t\t\t<div class=\"elementor-widget-container\">\n\t\t\t\t\t<section class=\"widget-container aux-widget-image aux-alignnone aux-parent-aue32b2f6c\">\n    <div class=\"aux-media-hint-frame \">\n        <div class=\"aux-media-image \" >\n        \n            \n\n            \n            <img decoding=\"async\" width=\"1429\" height=\"2410\" src=\"data:image\/gif;base64,R0lGODlhAQABAIAAAAAAAP\/\/\/yH5BAEAAAAALAAAAAABAAEAAAIBRAA7\" class=\"aux-attachment aux-featured-image aux-attachment-id-578 aux-preload aux-blank\" alt=\"Gemini_Generated_Image_gm54zhgm54zhgm54\" data-ratio=\"0.59\" data-original-w=\"1429\" data-src=\"https:\/\/thebarmentor.click\/wp-content\/uploads\/2026\/03\/Gemini_Generated_Image_gm54zhgm54zhgm54-scaled-e1774027928521.png\" \/>            \n                <\/div>\n    <\/div>\n\n<\/section><!-- widget-container -->\t\t\t\t<\/div>\n\t\t\t\t<\/div>\n\t\t\t\t<\/div>\n\t\t\t\t\t<\/div>\n\t\t\t\t<\/div>\n\t\t<div class=\"aux-parallax-section elementor-element elementor-element-1873ef1 e-flex e-con-boxed e-con e-parent\" data-id=\"1873ef1\" data-element_type=\"container\" data-e-type=\"container\">\n\t\t\t\t\t<div class=\"e-con-inner\">\n\t\t<div class=\"elementor-element elementor-element-f65c2b6 e-con-full e-flex e-con e-child\" data-id=\"f65c2b6\" data-element_type=\"container\" data-e-type=\"container\">\n\t\t\t\t<div class=\"elementor-element elementor-element-2b0f255 aux-appear-watch-animation aux-fade-in-up-1 elementor-widget elementor-widget-aux_modern_heading\" data-id=\"2b0f255\" data-element_type=\"widget\" data-e-type=\"widget\" data-widget_type=\"aux_modern_heading.default\">\n\t\t\t\t<div class=\"elementor-widget-container\">\n\t\t\t\t\t<section class=\"aux-widget-modern-heading\">\n            <div class=\"aux-widget-inner\"><h5 class=\"aux-modern-heading-primary\">Testimonios reales de establecimientos que lograron diferenciarse en el mercado<\/h5><h4 class=\"aux-modern-heading-secondary\"><span class=\"aux-head-before\">Transformaciones con Impacto<\/span><\/h4><\/div>\n        <\/section>\t\t\t\t<\/div>\n\t\t\t\t<\/div>\n\t\t\t\t<\/div>\n\t\t\t\t\t<\/div>\n\t\t\t\t<\/div>\n\t\t<div class=\"aux-parallax-section elementor-element elementor-element-a978f18 e-flex e-con-boxed e-con e-parent\" data-id=\"a978f18\" data-element_type=\"container\" data-e-type=\"container\">\n\t\t\t\t\t<div class=\"e-con-inner\">\n\t\t<div class=\"elementor-element elementor-element-5ca4b29 e-con-full e-flex e-con e-child\" data-id=\"5ca4b29\" data-element_type=\"container\" data-e-type=\"container\">\n\t\t\t\t<\/div>\n\t\t<div class=\"elementor-element elementor-element-9da7659 e-con-full e-flex e-con e-child\" data-id=\"9da7659\" data-element_type=\"container\" data-e-type=\"container\">\n\t\t\t\t<div class=\"elementor-element elementor-element-c5956bf elementor-widget elementor-widget-aux_testimonial\" data-id=\"c5956bf\" data-element_type=\"widget\" data-e-type=\"widget\" data-widget_type=\"aux_testimonial.default\">\n\t\t\t\t<div class=\"elementor-widget-container\">\n\t\t\t\t\t<section class=\"widget-container aux-widget-testimonial-container aux-parent-aufe8c5660\">    <div class=\"  aux-widget-testimonial aux-testimonial-bordered \">\n                <div class=\"aux-testimonial-content\">\n            <div class=\"entry-content\">\n                                Antes de la consultor\u00eda, ten\u00edamos muchas dudas sobre el margen real de nuestra barra. Gracias al diagn\u00f3stico de procesos y al ajuste detallado de costos por bebida , logramos optimizar la operaci\u00f3n y maximizar nuestra rentabilidad. Ahora cada c\u00f3ctel que sale de la barra es un \u00e9xito financiero.            <\/div>\n        <\/div>\n                <div class=\"aux-testimonial-infobox\">\n                        <div class=\"aux-testimonial-image\">\n                    <img loading=\"lazy\" decoding=\"async\" width=\"844\" height=\"603\" src=\"https:\/\/thebarmentor.click\/wp-content\/uploads\/2026\/03\/Gemini_Generated_Image_ybxvcbybxvcbybxve.png\" class=\"attachment-full size-full wp-image-618\" alt=\"\" srcset=\"https:\/\/thebarmentor.click\/wp-content\/uploads\/2026\/03\/Gemini_Generated_Image_ybxvcbybxvcbybxve.png 844w, https:\/\/thebarmentor.click\/wp-content\/uploads\/2026\/03\/Gemini_Generated_Image_ybxvcbybxvcbybxve-200x143.png 200w\" \/>            <\/div>\n                        <div class=\"aux-testimonial-info\">\n                                <h4 class=\"col-title\">Sebasti\u00e1n Daza<\/h4>\n                                <h5 class=\"col-subtitle\">Due\u00f1o de Gastrobar<\/h5>\n                                <div class=\"aux-rating-box aux-star-rating\">\n                    <span class=\"aux-star-rating-avg\" style=\"width: 100%\"> <\/span>\n                <\/div>\n                            <\/div>\n        <\/div>\n            <\/div>\n\n<\/section><!-- widget-container -->\t\t\t\t<\/div>\n\t\t\t\t<\/div>\n\t\t\t\t<\/div>\n\t\t<div class=\"elementor-element elementor-element-ffb8ed8 e-con-full e-flex e-con e-child\" data-id=\"ffb8ed8\" data-element_type=\"container\" data-e-type=\"container\">\n\t\t\t\t<\/div>\n\t\t\t\t\t<\/div>\n\t\t\t\t<\/div>\n\t\t\t\t<\/div>\n\t\t","protected":false},"excerpt":{"rendered":"<p>el c\u00f3digo gen\u00e9tico detr\u00e1s de las barras m\u00e1s exitosas. Creatividad l\u00edquida, rigor operativo y rentabilidad estrat\u00e9gica 01 . \u00bfQui\u00e9nes Somos? Minds &amp; Drinks Es un servicio de mentor\u00eda y consultor\u00eda profesional especializado en transformar la operaci\u00f3n de las barras y elevar el est\u00e1ndar de la cocteler\u00eda. Nos enfocamos en ayudar a los bares a construir [&hellip;]<\/p>\n","protected":false},"author":1,"featured_media":0,"parent":0,"menu_order":0,"comment_status":"closed","ping_status":"closed","template":"templates\/page-builder-content.php","meta":{"footnotes":""},"class_list":["post-42","page","type-page","status-publish","hentry"],"_links":{"self":[{"href":"https:\/\/thebarmentor.click\/index.php?rest_route=\/wp\/v2\/pages\/42","targetHints":{"allow":["GET"]}}],"collection":[{"href":"https:\/\/thebarmentor.click\/index.php?rest_route=\/wp\/v2\/pages"}],"about":[{"href":"https:\/\/thebarmentor.click\/index.php?rest_route=\/wp\/v2\/types\/page"}],"author":[{"embeddable":true,"href":"https:\/\/thebarmentor.click\/index.php?rest_route=\/wp\/v2\/users\/1"}],"replies":[{"embeddable":true,"href":"https:\/\/thebarmentor.click\/index.php?rest_route=%2Fwp%2Fv2%2Fcomments&post=42"}],"version-history":[{"count":91,"href":"https:\/\/thebarmentor.click\/index.php?rest_route=\/wp\/v2\/pages\/42\/revisions"}],"predecessor-version":[{"id":628,"href":"https:\/\/thebarmentor.click\/index.php?rest_route=\/wp\/v2\/pages\/42\/revisions\/628"}],"wp:attachment":[{"href":"https:\/\/thebarmentor.click\/index.php?rest_route=%2Fwp%2Fv2%2Fmedia&parent=42"}],"curies":[{"name":"wp","href":"https:\/\/api.w.org\/{rel}","templated":true}]}}